19).
69
Let u(g) = -g + 16. Give u(9).
7
Let t(a) = 9*a**3 - 2*a + 2. Determine t(1).
9
Let n(g) = -13*g - 46. Calculate n(-4).
6
Let g(d) = -d**3 - 10*d**2 - 11*d - 2. Give g(-9).
16
Let o(k) = -k**3 + k**2 + 10*k + 10. Determine o(4).
2
Let n(m) = 88*m**2 + 3*m + 2. Calculate n(-1).
87
Let y(a) = 6*a**2 + 2*a - 2. Calculate y(-2).
18
Let n(a) = a**2 + 7*a - 21. Determine n(-9).
-3
Let c(t) = 13*t - 154. What is c(12)?
2
Let y(c) = c**2 - 15*c + 32. Give y(8).
-24
Let p(x) = x - 19. Calculate p(8).
-11
Let a(q) = -8*q - 20. Give a(-15).
100
Let u(q) = -q**2 + 4*q + 2. Give u(-4).
-30
Let j(k) = 97*k - 870. Determine j(9).
3
Let i(r) = r**2 - 14*r - 31. What is i(13)?
-44
Let n(v) = -v**3 + 3*v**2 + v - 5. Give n(4).
-17
Let y(q) = 2*q**2 - 95*q - 356. Give y(51).
1
Let y(d) = 2*d**2 + 18*d - 7. Determine y(-9).
-7
Let s(v) = 2*v**2 + 56*v + 299. Calculate s(-7).
5
Let l(v) = 2*v - 9. Give l(11).
13
Let y(n) = 2*n + 4. Determine y(-8).
-12
Let f(s) = -2*s - 7. Determine f(-3).
-1
Let m(r) = 2*r - 7. Give m(-7).
-21
Let l(t) = t**2 - 8*t + 6. Determine l(5).
-9
Let m(a) = -a**3 + 10*a**2 - 17*a + 2. What is m(7)?
30
Let y(q) = q**3 - 4*q**2 - 4*q - 1. Calculate y(5).
4
Let w(v) = -42*v + 1. Determine w(1).
-41
Let m(v) = 2*v**2 - 4*v - 24. Determine m(-3).
6
Let z(o) = 2*o**2 - 4*o - 18. Calculate z(10).
142
Let h(c) = c**3 - 11*c**2. Give h(11).
0
Let o(m) = 2*m + 3. Determine o(-4).
-5
Let a(u) = -u**3 + 6*u**2 - 5*u + 2. Give a(2).
8
Let o(w) = -6*w + 3. What is o(2)?
-9
Let a(c) = c**3 + 8*c**2 - 2*c - 17. What is a(-8)?
-1
Let y(w) = -44*w + 78. What is y(6)?
-186
Let o(l) = 9*l**2 - 3*l - 5. Calculate o(-2).
37
Let v(y) = 7*y - 18. Determine v(8).
38
Let p(v) = -v**2 + 8*v - 7. Determine p(8).
-7
Let y(v) = -7*v + 104. Give y(14).
6
Let o(c) = c**2 + 3*c - 11. Calculate o(4).
17
Let a(n) = -24*n**3 + n**2 - 2*n + 1. Give a(1).
-24
Let f(z) = z**3 + z**2 - z + 45. Determine f(0).
45
Let k(y) = 2*y + 32. What is k(-20)?
-8
Let c(n) = 4*n**3 - 2*n**2 + 3*n - 3. Calculate c(2).
27
Let x(q) = -q**3 - 5*q**2 + 9*q - 34. Determine x(-7).
1
Let r(v) = v**3 - v**2 + v - 40. Calculate r(0).
-40
Let c(m) = -2*m**2 - 5*m + 3. Give c(-7).
-60
Let t(p) = p**3 + 11*p**2 - 13*p - 15. Determine t(-12).
-3
Let h(a) = -a**3 - 17*a**2 - 21. Determine h(-17).
-21
Let i(p) = p**3 + 6*p**2 + 7. What is i(-6)?
7
Let r(s) = s**3 + 23*s**2 - 48*s + 44. What is r(-25)?
-6
Let d(r) = r**3 + 25*r**2 + 47*r + 12. Determine d(-23).
-11
Let w(u) = 2*u**3 + 11*u**2 + 8*u + 10. Calculate w(-5).
-5
Let m(o) = -3*o**3 + 8*o**2 + 7*o. What is m(4)?
-36
Let u(t) = -t**3 - 32*t**2 - 33*t - 11. Give u(-31).
51
Let u(m) = -5*m + 7. Calculate u(3).
-8
Let u(b) = -b**2 + 17*b - 137. Calculate u(12).
-77
Let f(o) = -91*o**3 + 2*o**2 - o - 1. Give f(1).
-91
Let n(v) = 81*v + 240. What is n(-3)?
-3
Let z(q) = -9*q + 348. Calculate z(38).
6
Let j(q) = -q**3 + 8*q**2 - 8*q - 13. What is j(5)?
22
Let c(j) = j**2 - 15*j + 18. Determine c(12).
-18
Let g(j) = j**3 + 49*j**2 + 98*j + 191. What is g(-47)?
3
Let j(b) = -b + 7. Calculate j(-7).
14
Let v(u) = -u**3 - 3*u**2 - 2*u + 1. What is v(-3)?
7
Let c(x) = 2*x - 6. Give c(-4).
-14
Let a(n) = 5*n + 3. Determine a(1).
8
Let m(c) = -7*c**3 - 2*c**2 - 3*c + 3. Give m(2).
-67
Let d(c) = -2*c + 7. Give d(1).
5
Let u(a) = 2*a**2 - 31*a + 67. Give u(13).
2
Let r(o) = -4*o**2 + 1. Determine r(-2).
-15
Let i(v) = -v**2 + 14*v + 27. Determine i(15).
12
Let u(s) = -13*s**2 - 1. Determine u(-2).
-53
Let l(k) = k**2 - 5*k - 5. Give l(-3).
19
Let j(z) = -3*z**2 + 27*z + 16. Give j(13).
-140
Let o(j) = -j**2 + 4*j - 7. Determine o(3).
-4
Let l(r) = -r**2 + 9*r - 17. Give l(8).
-9
Let i(f) = 2*f**2 + 2*f - 8. Give i(3).
16
Let h(m) = 4*m + 121. What is h(-33)?
-11
Let m(p) = -p**3 + 12*p**2 - 20*p - 7. Give m(10).
-7
Let s(i) = -2*i**3 + 2*i**2 + 3*i - 3. Give s(2).
-5
Let l(g) = g**3 + 2*g**2 - 5*g - 3. What is l(2)?
3
Let k(c) = -c**2 - 13*c - 23. Calculate k(-7).
19
Let x(m) = 6*m + 13. What is x(-3)?
-5
Let i(r) = r**3 + 3*r + 3. Determine i(4).
79
Let n(a) = 5*a - 27. What is n(8)?
13
Let j(f) = -33*f**3 - f**2 - f + 1. Calculate j(1).
-34
Let p(j) = j**2 - 18*j - 28. Give p(21).
35
Let i(n) = 5*n**2 + 2*n - 22. Determine i(3).
29
Let v(d) = -d**2 - 9*d - 21. Determine v(-3).
-3
Let z(r) = -40*r - 407. Calculate z(-10).
-7
Let i(n) = n. Determine i(5).
5
Let j(c) = -c + 5. What is j(-20)?
25
Let p(t) = -2*t**2 + 2*t - 85. Calculate p(0).
-85
Let s(k) = k + 17. Give s(11).
28
Let b(v) = 2*v + 1. Give b(-6).
-11
Let q(x) = -x**2 - 16*x - 24. What is q(-13)?
15
Let d(l) = -l**2 + 7*l - 4. Determine d(0).
-4
Let a(l) = 5*l + 8. Determine a(5).
33
Let q(r) = -r**3 + 31*r**2 - 32*r + 46. Give q(30).
-14
Let h(w) = -28*w**3 + 2*w**2 + 4*w + 2. Calculate h(-1).
28
Let r(u) = u**3 - 11*u**2 - 10*u + 16. Determine r(12).
40
Let h(j) = -10*j + 33. What is h(4)?
-7
Let k(u) = -18*u + 19. What is k(6)?
-89
Let t(w) = w**3 - 17*w**2 + 68*w - 8. Give t(6).
4
Let f(p) = 3*p**2 + 3*p - 31. What is f(0)?
-31
Let b(s) = -3*s**2 - 55*s - 19. What is b(-18)?
-1
Let z(k) = k**3 - 8*k**2 - 30*k + 98. What is z(10)?
-2
Let z(u) = -4*u + 52. Determine z(16).
-12
Let v(z) = -19*z**2 + 2*z + 1. Give v(-1).
-20
Let w(m) = m**3 + m**2 + 2*m - 2. Calculate w(0).
-2
Let r(h) = -3*h - 7. What is r(-3)?
2
Let p(b) = -b**2 + 9*b - 6. Determine p(9).
-6
Let v(r) = -13*r - 1. What is v(1)?
-14
Let i(g) = g**3 + 7*g**2 - 9*g - 6. Determine i(-8).
2
Let q(w) = -w**3 + w**2 - 2*w - 4. What is q(4)?
-60
Let h(q) = -2*q + 2. Calculate h(2).
-2
Let o(q) = q**2 - 9*q - 25. Calculate o(11).
-3
Let u(y) = y**3 - 2*y**2 - 7*y - 4. Give u(3).
-16
Let w(n) = n**3 + 13*n**2 + 24*n + 15. Calculate w(-11).
-7
Let l(r) = r**2 + 5*r + 7. Determine l(-5).
7
Let c(s) = -4*s**2 + 37*s - 18. What is c(9)?
-9
Let m(j) = j**3 - 6. What is m(0)?
-6
Let k(r) = -27*r**3 - 2*r**2 + 3*r + 3. Determine k(-1).
25
Let j(q) = 5*q + 237. What is j(-48)?
-3
Let u(k) = -11*k - 195. Determine u(-18).
3
Let r(w) = 9*w**2 + 5*w + 6. Calculate r(-2).
32
Let o(q) = q + 30. What is o(-20)?
10
Let b(u) = u**2 + 12*u + 20. What is b(-7)?
-15
Let s(i) = -i + 1. What is s(0)?
1
Let r(w) = 9*w - 253. What is r(29)?
8
Let i(m) = 9*m + 193. Determine i(-21).
4
Let t(k) = 45*k - 5. Calculate t(-2).
-95
Let r(s) = s**3 - 8*s**2 - 3*s + 1. Calculate r(9).
55
Let u(z) = -z**3 - 7*z**2 - 8*z - 11. Give u(-6).
1
Let z(v) = -3*v**3 + 2*v**2 + v - 2. Give z(1).
-2
Let m(b) = b**3 + 14*b**2 + 27*b - 69. Determine m(-11).
-3
Let f(u) = u**3 - 9*u**2 - 11*u + 2. Determine f(10).
-8
Let t(z) = z**3 + 2*z**2 - 12*z + 13. Determine t(-5).
-2
Let d(b) = b**3 + b**2 - 24*b - 30. What is d(5)?
0
Let z(w) = -w**3 + 7*w**2 - 8*w + 6. What is z(6)?
-6
Let k(n) = n - 7. Calculate k(-3).
-10
Let n(z) = -9*z + 8. What is n(-4)?
44
Let l(j) = -j**3 - 4*j**2 + 7*j + 10. What is l(-5)?
0
Let z(o) = o + 28. What is z(-7)?
21
Let j(w) = 16*w**2 - 5*w - 6. Calculate j(-2).
68
Let u(t) = -7*t**2 + 1. Calculate u(2).
-27
Let i(n) = 2*n - 5. Determine i(5).
5
Let s(a) = -15*a**3 - 2*a**2 + 1. Determine s(-1).
14
Let j(k) = 9*k**2 - 37*k + 5. Give j(4).
1
Let d(w) = 3*w + 3. Give d(2).
9
Let c(t) = -t**3 - 4*t**2 + 7*t + 8. Give c(-6).
38
Let t(z) = z**3 + 19*z**2 - 8*z - 469. What is t(-18)?
-1
Let s(u) = u**3 - 4*u**2 + 3. Calculate s(3).
-6
Let j(s) = 2*s**2 - 15*s + 17. Calculate j(11).
94
Let c(q) = -4*q**2 + q + 3. Calculate c(2).
-11
Let n(l) = 8*l**2 + 4*l + 1. Give n(-3).
61
Let q(h) = 2*h**3 - 12*h**2 + 4*h + 4. What is q(5)?
-26
Let m(y) = -5*y - 257. Determine m(-50).
-7
Let n(s) = -2*s**2 - 8*s + 7. Determine n(-5).
-3
Let u(i) = i**3 + 2*i. What is u(-4)?
-72
Let u(y) = -2*y**3 - 3*y**2 + 3*y. Give u(-3).
18
Let v(l) = -30*l - 48. Determine v(-3).
42
Let c(w) = -11*w - 26. What is c(9)?
-125
Let c(z) = -2*z + 10. Give c(6).
-2
Let w(a) = -a**3 - 12*a**2 + 24*a - 69. Determine w(-14).
-13
Let v(q) = 6*q + 22. What is v(9)?
76
Let a(w) = -w**2 + 406*w - 2396. Give a(6).
4
Let x(r) = r**3 + r**2 - 21*r + 9. Determine x(4).
5
Let k(s) = s**2 + 9*s - 54. Determine k(4).
-2
Let z(l) = l**2 + 2*l + 6. Give z(0).
6
Let m(i) = 2*i - 57. Give m(22).
-13
Let s(w) = -w**3 - 10*w**2 + 3*w + 25. Calculate s(-10).
-5
Let r(j) = j**3 + 9*j**2 - 10*j + 11. What i